{"id":115443,"date":"2019-09-12T14:47:31","date_gmt":"2019-09-12T14:47:31","guid":{"rendered":"https:\/\/edenred.pt\/sobre-nos\/media\/marie-laurence-bouchon-appointed-vice-president-of-communications\/"},"modified":"2025-04-14T11:38:47","modified_gmt":"2025-04-14T11:38:47","slug":"marie-laurence-bouchon-appointed-vice-president-of-communications","status":"publish","type":"media-files","link":"https:\/\/www.edenred.pt\/en\/about-us\/media\/marie-laurence-bouchon-appointed-vice-president-of-communications\/","title":{"rendered":"Marie-Laurence Bouchon appointed Vice President of Communications"},"content":{"rendered":"\n<p><strong>Marie-Laurence Bouchon<\/strong>, 49, has been head of communications for the SCOR Group, a global reinsurer, since 2014. She began her career in 1994 in stock sales at the brokerage firm Cheuvreux, before moving on to Oddo, and UBS. She was appointed Editorial and New Business Director at Hachette Livre between 2004-2005, before becoming Associate Director at Gavin Anderson &amp; Company in 2005. Finally, she was Director of Communications Strategy Consulting at Brunswick between 2007 and 2014. In 2016, she was appointed as a member of the Board of Directors of Gutenberg Technology and Humensis.    <\/p>\n\n\n\n<p>Marie-Laurence Bouchon graduated from HEC Business School (Ecole des hautes \u00e9tudes commerciales) and the Grenoble Institute of Political Studies (Institut d&#8217;\u00e9tudes politiques). She also has a master&#8217;s degree from the ESCP Europe business School (Ecole sup\u00e9rieure de commerce de Paris). <\/p>\n\n\n\n<p><em>&#8220;I am delighted to welcome Marie-Laurence to the Group Executive Committee. The diversity and richness of her expertise, combined with her knowledge of communication issues and themes in B2B2C sectors, will enhance Edenred&#8217;s reputation and visibility in the eyes of stakeholders, and highlight Edenred&#8217;s unique position, strength and talents around the world.&#8221; <\/em>praises Bertrand Dumazy, Chairman and CEO of the Edenred group.<\/p>\n\n\n\n<p><a href=\"https:\/\/edenred.pt\/wp-content\/uploads\/2019\/11\/pr-nomination-marie-laurence-bouchon-2019-07-15-pt.pdf\">See press release (in portuguese)<\/a><\/p>\n","protected":false},"featured_media":115557,"template":"","meta":{"_acf_changed":false,"content-type":"","inline_featured_image":false},"tipo-media":[251],"class_list":["post-115443","media-files","type-media-files","status-publish","has-post-thumbnail","hentry","tipo-media-press-releases-en"],"acf":[],"yoast_head":"<!-- This site is optimized with the Yoast SEO plugin v27.3 - https:\/\/yoast.com\/product\/yoast-seo-wordpress\/ -->\n<title>Marie-Laurence Bouchon appointed Vice President of Communications - Edenred Portugal<\/title>\n<meta name=\"description\" content=\"Marie-Laurence Bouchon has been appointed Vice President of Communications and becomes a member of the Edenred Group Executive Committee.\" \/>\n<meta name=\"robots\" content=\"index, follow, max-snippet:-1, max-image-preview:large, max-video-preview:-1\" \/>\n<link rel=\"canonical\" href=\"https:\/\/www.edenred.pt\/en\/about-us\/media\/marie-laurence-bouchon-appointed-vice-president-of-communications\/\" \/>\n<meta property=\"og:locale\" content=\"en_US\" \/>\n<meta property=\"og:type\" content=\"article\" \/>\n<meta property=\"og:title\" content=\"Marie-Laurence Bouchon appointed Vice President of Communications - Edenred Portugal\" \/>\n<meta property=\"og:description\" content=\"Marie-Laurence Bouchon has been appointed Vice President of Communications and becomes a member of the Edenred Group Executive Committee.\" \/>\n<meta property=\"og:url\" content=\"https:\/\/www.edenred.pt\/en\/about-us\/media\/marie-laurence-bouchon-appointed-vice-president-of-communications\/\" \/>\n<meta property=\"og:site_name\" content=\"Edenred Portugal\" \/>\n<meta property=\"article:publisher\" content=\"https:\/\/www.facebook.com\/edenred.portugal\" \/>\n<meta property=\"article:modified_time\" content=\"2025-04-14T11:38:47+00:00\" \/>\n<meta property=\"og:image\" content=\"https:\/\/edenred.pt\/wp-content\/uploads\/2025\/01\/Marie-Laurence-Bouchon.png\" \/>\n\t<meta property=\"og:image:width\" content=\"288\" \/>\n\t<meta property=\"og:image:height\" content=\"392\" \/>\n\t<meta property=\"og:image:type\" content=\"image\/png\" \/>\n<meta name=\"twitter:card\" content=\"summary_large_image\" \/>\n<meta name=\"twitter:label1\" content=\"Est. reading time\" \/>\n\t<meta name=\"twitter:data1\" content=\"2 minutes\" \/>\n<script type=\"application\/ld+json\" class=\"yoast-schema-graph\">{\"@context\":\"https:\\\/\\\/schema.org\",\"@graph\":[{\"@type\":\"WebPage\",\"@id\":\"https:\\\/\\\/www.edenred.pt\\\/en\\\/about-us\\\/media\\\/marie-laurence-bouchon-appointed-vice-president-of-communications\\\/\",\"url\":\"https:\\\/\\\/www.edenred.pt\\\/en\\\/about-us\\\/media\\\/marie-laurence-bouchon-appointed-vice-president-of-communications\\\/\",\"name\":\"Marie-Laurence Bouchon appointed Vice President of Communications - Edenred Portugal\",\"isPartOf\":{\"@id\":\"https:\\\/\\\/edenred.pt\\\/#website\"},\"primaryImageOfPage\":{\"@id\":\"https:\\\/\\\/www.edenred.pt\\\/en\\\/about-us\\\/media\\\/marie-laurence-bouchon-appointed-vice-president-of-communications\\\/#primaryimage\"},\"image\":{\"@id\":\"https:\\\/\\\/www.edenred.pt\\\/en\\\/about-us\\\/media\\\/marie-laurence-bouchon-appointed-vice-president-of-communications\\\/#primaryimage\"},\"thumbnailUrl\":\"https:\\\/\\\/www.edenred.pt\\\/wp-content\\\/uploads\\\/2025\\\/01\\\/Marie-Laurence-Bouchon.png\",\"datePublished\":\"2019-09-12T14:47:31+00:00\",\"dateModified\":\"2025-04-14T11:38:47+00:00\",\"description\":\"Marie-Laurence Bouchon has been appointed Vice President of Communications and becomes a member of the Edenred Group Executive Committee.\",\"breadcrumb\":{\"@id\":\"https:\\\/\\\/www.edenred.pt\\\/en\\\/about-us\\\/media\\\/marie-laurence-bouchon-appointed-vice-president-of-communications\\\/#breadcrumb\"},\"inLanguage\":\"en-US\",\"potentialAction\":[{\"@type\":\"ReadAction\",\"target\":[\"https:\\\/\\\/www.edenred.pt\\\/en\\\/about-us\\\/media\\\/marie-laurence-bouchon-appointed-vice-president-of-communications\\\/\"]}]},{\"@type\":\"ImageObject\",\"inLanguage\":\"en-US\",\"@id\":\"https:\\\/\\\/www.edenred.pt\\\/en\\\/about-us\\\/media\\\/marie-laurence-bouchon-appointed-vice-president-of-communications\\\/#primaryimage\",\"url\":\"https:\\\/\\\/www.edenred.pt\\\/wp-content\\\/uploads\\\/2025\\\/01\\\/Marie-Laurence-Bouchon.png\",\"contentUrl\":\"https:\\\/\\\/www.edenred.pt\\\/wp-content\\\/uploads\\\/2025\\\/01\\\/Marie-Laurence-Bouchon.png\",\"width\":288,\"height\":392,\"caption\":\"Marie-Laurence Bouchon\"},{\"@type\":\"BreadcrumbList\",\"@id\":\"https:\\\/\\\/www.edenred.pt\\\/en\\\/about-us\\\/media\\\/marie-laurence-bouchon-appointed-vice-president-of-communications\\\/#breadcrumb\",\"itemListElement\":[{\"@type\":\"ListItem\",\"position\":1,\"name\":\"Start\",\"item\":\"https:\\\/\\\/www.edenred.pt\\\/en\\\/\"},{\"@type\":\"ListItem\",\"position\":2,\"name\":\"Media\",\"item\":\"https:\\\/\\\/www.edenred.pt\\\/en\\\/about-us\\\/media\\\/\"},{\"@type\":\"ListItem\",\"position\":3,\"name\":\"Marie-Laurence Bouchon appointed Vice President of Communications\"}]},{\"@type\":\"WebSite\",\"@id\":\"https:\\\/\\\/edenred.pt\\\/#website\",\"url\":\"https:\\\/\\\/edenred.pt\\\/\",\"name\":\"Edenred Portugal\",\"description\":\"Edenred Portugal\",\"publisher\":{\"@id\":\"https:\\\/\\\/edenred.pt\\\/#organization\"},\"potentialAction\":[{\"@type\":\"SearchAction\",\"target\":{\"@type\":\"EntryPoint\",\"urlTemplate\":\"https:\\\/\\\/edenred.pt\\\/?s={search_term_string}\"},\"query-input\":{\"@type\":\"PropertyValueSpecification\",\"valueRequired\":true,\"valueName\":\"search_term_string\"}}],\"inLanguage\":\"en-US\"},{\"@type\":\"Organization\",\"@id\":\"https:\\\/\\\/edenred.pt\\\/#organization\",\"name\":\"Edenred\",\"url\":\"https:\\\/\\\/edenred.pt\\\/\",\"logo\":{\"@type\":\"ImageObject\",\"inLanguage\":\"en-US\",\"@id\":\"https:\\\/\\\/edenred.pt\\\/#\\\/schema\\\/logo\\\/image\\\/\",\"url\":\"https:\\\/\\\/www.edenred.pt\\\/wp-content\\\/uploads\\\/2022\\\/04\\\/logo-edenred.png\",\"contentUrl\":\"https:\\\/\\\/www.edenred.pt\\\/wp-content\\\/uploads\\\/2022\\\/04\\\/logo-edenred.png\",\"width\":176,\"height\":109,\"caption\":\"Edenred\"},\"image\":{\"@id\":\"https:\\\/\\\/edenred.pt\\\/#\\\/schema\\\/logo\\\/image\\\/\"},\"sameAs\":[\"https:\\\/\\\/www.facebook.com\\\/edenred.portugal\",\"https:\\\/\\\/www.instagram.com\\\/edenred.portugal\\\/\",\"https:\\\/\\\/www.linkedin.com\\\/company\\\/edenred-portugal\\\/\"]}]}<\/script>\n<!-- \/ Yoast SEO plugin. -->","yoast_head_json":{"title":"Marie-Laurence Bouchon appointed Vice President of Communications - Edenred Portugal","description":"Marie-Laurence Bouchon has been appointed Vice President of Communications and becomes a member of the Edenred Group Executive Committee.","robots":{"index":"index","follow":"follow","max-snippet":"max-snippet:-1","max-image-preview":"max-image-preview:large","max-video-preview":"max-video-preview:-1"},"canonical":"https:\/\/www.edenred.pt\/en\/about-us\/media\/marie-laurence-bouchon-appointed-vice-president-of-communications\/","og_locale":"en_US","og_type":"article","og_title":"Marie-Laurence Bouchon appointed Vice President of Communications - Edenred Portugal","og_description":"Marie-Laurence Bouchon has been appointed Vice President of Communications and becomes a member of the Edenred Group Executive Committee.","og_url":"https:\/\/www.edenred.pt\/en\/about-us\/media\/marie-laurence-bouchon-appointed-vice-president-of-communications\/","og_site_name":"Edenred Portugal","article_publisher":"https:\/\/www.facebook.com\/edenred.portugal","article_modified_time":"2025-04-14T11:38:47+00:00","og_image":[{"width":288,"height":392,"url":"https:\/\/edenred.pt\/wp-content\/uploads\/2025\/01\/Marie-Laurence-Bouchon.png","type":"image\/png"}],"twitter_card":"summary_large_image","twitter_misc":{"Est. reading time":"2 minutes"},"schema":{"@context":"https:\/\/schema.org","@graph":[{"@type":"WebPage","@id":"https:\/\/www.edenred.pt\/en\/about-us\/media\/marie-laurence-bouchon-appointed-vice-president-of-communications\/","url":"https:\/\/www.edenred.pt\/en\/about-us\/media\/marie-laurence-bouchon-appointed-vice-president-of-communications\/","name":"Marie-Laurence Bouchon appointed Vice President of Communications - Edenred Portugal","isPartOf":{"@id":"https:\/\/edenred.pt\/#website"},"primaryImageOfPage":{"@id":"https:\/\/www.edenred.pt\/en\/about-us\/media\/marie-laurence-bouchon-appointed-vice-president-of-communications\/#primaryimage"},"image":{"@id":"https:\/\/www.edenred.pt\/en\/about-us\/media\/marie-laurence-bouchon-appointed-vice-president-of-communications\/#primaryimage"},"thumbnailUrl":"https:\/\/www.edenred.pt\/wp-content\/uploads\/2025\/01\/Marie-Laurence-Bouchon.png","datePublished":"2019-09-12T14:47:31+00:00","dateModified":"2025-04-14T11:38:47+00:00","description":"Marie-Laurence Bouchon has been appointed Vice President of Communications and becomes a member of the Edenred Group Executive Committee.","breadcrumb":{"@id":"https:\/\/www.edenred.pt\/en\/about-us\/media\/marie-laurence-bouchon-appointed-vice-president-of-communications\/#breadcrumb"},"inLanguage":"en-US","potentialAction":[{"@type":"ReadAction","target":["https:\/\/www.edenred.pt\/en\/about-us\/media\/marie-laurence-bouchon-appointed-vice-president-of-communications\/"]}]},{"@type":"ImageObject","inLanguage":"en-US","@id":"https:\/\/www.edenred.pt\/en\/about-us\/media\/marie-laurence-bouchon-appointed-vice-president-of-communications\/#primaryimage","url":"https:\/\/www.edenred.pt\/wp-content\/uploads\/2025\/01\/Marie-Laurence-Bouchon.png","contentUrl":"https:\/\/www.edenred.pt\/wp-content\/uploads\/2025\/01\/Marie-Laurence-Bouchon.png","width":288,"height":392,"caption":"Marie-Laurence Bouchon"},{"@type":"BreadcrumbList","@id":"https:\/\/www.edenred.pt\/en\/about-us\/media\/marie-laurence-bouchon-appointed-vice-president-of-communications\/#breadcrumb","itemListElement":[{"@type":"ListItem","position":1,"name":"Start","item":"https:\/\/www.edenred.pt\/en\/"},{"@type":"ListItem","position":2,"name":"Media","item":"https:\/\/www.edenred.pt\/en\/about-us\/media\/"},{"@type":"ListItem","position":3,"name":"Marie-Laurence Bouchon appointed Vice President of Communications"}]},{"@type":"WebSite","@id":"https:\/\/edenred.pt\/#website","url":"https:\/\/edenred.pt\/","name":"Edenred Portugal","description":"Edenred Portugal","publisher":{"@id":"https:\/\/edenred.pt\/#organization"},"potentialAction":[{"@type":"SearchAction","target":{"@type":"EntryPoint","urlTemplate":"https:\/\/edenred.pt\/?s={search_term_string}"},"query-input":{"@type":"PropertyValueSpecification","valueRequired":true,"valueName":"search_term_string"}}],"inLanguage":"en-US"},{"@type":"Organization","@id":"https:\/\/edenred.pt\/#organization","name":"Edenred","url":"https:\/\/edenred.pt\/","logo":{"@type":"ImageObject","inLanguage":"en-US","@id":"https:\/\/edenred.pt\/#\/schema\/logo\/image\/","url":"https:\/\/www.edenred.pt\/wp-content\/uploads\/2022\/04\/logo-edenred.png","contentUrl":"https:\/\/www.edenred.pt\/wp-content\/uploads\/2022\/04\/logo-edenred.png","width":176,"height":109,"caption":"Edenred"},"image":{"@id":"https:\/\/edenred.pt\/#\/schema\/logo\/image\/"},"sameAs":["https:\/\/www.facebook.com\/edenred.portugal","https:\/\/www.instagram.com\/edenred.portugal\/","https:\/\/www.linkedin.com\/company\/edenred-portugal\/"]}]}},"_links":{"self":[{"href":"https:\/\/www.edenred.pt\/en\/wp-json\/wp\/v2\/media-files\/115443","targetHints":{"allow":["GET"]}}],"collection":[{"href":"https:\/\/www.edenred.pt\/en\/wp-json\/wp\/v2\/media-files"}],"about":[{"href":"https:\/\/www.edenred.pt\/en\/wp-json\/wp\/v2\/types\/media-files"}],"wp:featuredmedia":[{"embeddable":true,"href":"https:\/\/www.edenred.pt\/en\/wp-json\/wp\/v2\/media\/115557"}],"wp:attachment":[{"href":"https:\/\/www.edenred.pt\/en\/wp-json\/wp\/v2\/media?parent=115443"}],"wp:term":[{"taxonomy":"tipo-media","embeddable":true,"href":"https:\/\/www.edenred.pt\/en\/wp-json\/wp\/v2\/tipo-media?post=115443"}],"curies":[{"name":"wp","href":"https:\/\/api.w.org\/{rel}","templated":true}]}}

<p><strong>Marie-Laurence Bouchon</strong>, 49, has been head of communications for the SCOR Group, a global reinsurer, since 2014. She began her career in 1994 in stock sales at the brokerage firm Cheuvreux, before moving on to Oddo, and UBS. She was appointed Editorial and New Business Director at Hachette Livre between 2004-2005, before becoming Associate Director at Gavin Anderson &amp; Company in 2005. Finally, she was Director of Communications Strategy Consulting at Brunswick between 2007 and 2014. In 2016, she was appointed as a member of the Board of Directors of Gutenberg Technology and Humensis.    </p>



<p>Marie-Laurence Bouchon graduated from HEC Business School (Ecole des hautes études commerciales) and the Grenoble Institute of Political Studies (Institut d&#8217;études politiques). She also has a master&#8217;s degree from the ESCP Europe business School (Ecole supérieure de commerce de Paris). </p>



<p><em>&#8220;I am delighted to welcome Marie-Laurence to the Group Executive Committee. The diversity and richness of her expertise, combined with her knowledge of communication issues and themes in B2B2C sectors, will enhance Edenred&#8217;s reputation and visibility in the eyes of stakeholders, and highlight Edenred&#8217;s unique position, strength and talents around the world.&#8221; </em>praises Bertrand Dumazy, Chairman and CEO of the Edenred group.</p>



<p><a href="https://edenred.pt/wp-content/uploads/2019/11/pr-nomination-marie-laurence-bouchon-2019-07-15-pt.pdf">See press release (in portuguese)</a></p>
